a multiple of 11?
True
Is 9 a factor of 2869?
False
Does 10 divide 1337?
False
Does 11 divide 62991?
False
Is 108 a factor of 50328?
True
Is 5589 a multiple of 51?
False
Does 91 divide 5460?
True
Is 25 a factor of 1100?
True
Is 3 a factor of 45?
True
Is 5 a factor of 20615?
True
Does 185 divide 10028?
False
Is 7 a factor of 299?
False
Is 4355 a multiple of 31?
False
Is 21252 a multiple of 84?
True
Does 2 divide 5110?
True
Does 12 divide 280?
False
Is 1953 a multiple of 21?
True
Does 20 divide 8680?
True
Is 121 a factor of 726?
True
Does 68 divide 30131?
False
Does 21 divide 5125?
False
Is 3182 a multiple of 16?
False
Does 327 divide 61476?
True
Does 3 divide 24?
True
Is 75 a factor of 14782?
False
Does 12 divide 232?
False
Does 27 divide 4536?
True
Is 145 a factor of 4933?
False
Is 10 a factor of 1160?
True
Is 8 a factor of 45568?
True
Does 181 divide 47241?
True
Is 6 a factor of 1092?
True
Does 64 divide 9683?
False
Is 68991 a multiple of 39?
True
Does 5 divide 3000?
True
Is 250 a multiple of 8?
False
Does 54 divide 1263?
False
Is 34230 a multiple of 21?
True
Is 13 a factor of 14595?
False
Is 38 a factor of 190?
True
Is 37 a factor of 444?
True
Does 27 divide 28593?
True
Is 1672 a multiple of 44?
True
Is 83 a factor of 13280?
True
Does 32 divide 38208?
True
Does 55 divide 22715?
True
Is 70840 a multiple of 20?
True
Does 6 divide 3150?
True
Is 19 a factor of 30541?
False
Is 14 a factor of 3010?
True
Does 82 divide 5605?
False
Is 38 a factor of 11119?
False
Is 41 a factor of 6875?
False
Does 5 divide 899?
False
Does 37 divide 33041?
True
Is 10 a factor of 30136?
False
Does 4 divide 11836?
True
Is 740 a multiple of 10?
True
Does 4 divide 196?
True
Does 125 divide 27375?
True
Is 22 a factor of 1674?
False
Does 15 divide 648?
False
Is 1272 a multiple of 4?
True
Is 132 a factor of 3564?
True
Is 24 a factor of 24264?
True
Is 62 a multiple of 23?
False
Is 20 a factor of 120?
True
Is 3137 a multiple of 108?
False
Is 444 a factor of 100788?
True
Does 37 divide 65453?
True
Is 71 a factor of 139?
False
Does 27 divide 15238?
False
Does 12 divide 29472?
True
Is 32 a factor of 1398?
False
Does 19 divide 941?
False
Is 308 a multiple of 4?
True
Is 14427 a multiple of 21?
True
Is 8064 a multiple of 16?
True
Is 8586 a multiple of 106?
True
Is 14336 a multiple of 56?
True
Is 5669 a multiple of 12?
False
Is 54 a factor of 23697?
False
Does 13 divide 1471?
False
Does 141 divide 7191?
True
Is 48 a factor of 3504?
True
Does 33 divide 115830?
True
Is 57117 a multiple of 14?
False
Is 40 a factor of 1040?
True
Is 30 a factor of 30?
True
Is 139 a factor of 26688?
True
Is 13 a factor of 12142?
True
Is 33497 a multiple of 43?
True
Is 6830 even?
True
Is 10080 a multiple of 21?
True
Does 106 divide 742?
True
Is 50 a factor of 15450?
True
Is 231 a multiple of 9?
False
Is 25 a factor of 2600?
True
Does 168 divide 7058?
False
Is 13 a factor of 607?
False
Does 16 divide 21104?
True
Is 1358 a multiple of 22?
False
Is 2310 a multiple of 14?
True
Is 15 a factor of 1800?
True
Does 32 divide 1568?
True
Is 32 a factor of 1568?
True
Is 68126 a multiple of 75?
False
Is 11 a factor of 500?
False
Does 13 divide 4264?
True
Is 504 a multiple of 36?
True
Does 3 divide 40?
False
Does 15 divide 8016?
False
Does 24 divide 1234?
False
Is 67554 a multiple of 162?
True
Is 1240 a multiple of 31?
True
Does 112 divide 17327?
False
Is 5 a factor of 127?
False
Does 115 divide 5175?
True
Does 82 divide 14104?
True
Is 97 a factor of 76904?
False
Is 31 even?
False
Is 45 a multiple of 15?
True
Does 21 divide 1554?
True
Is 263 a factor of 32786?
False
Is 8967 a multiple of 21?
True
Is 23 a factor of 1334?
True
Does 29 divide 5166?
False
Is 449 a multiple of 2?
False
Is 56 a multiple of 4?
True
Is 244 a multiple of 34?
False
Is 56 a multiple of 4?
True
Does 6 divide 1702?
False
Does 9 divide 6293?
False
Is 114 a multiple of 19?
True
Is 25 a factor of 4999?
False
Is 3 a factor of 134?
False
Is 160689 a multiple of 13?
False
Is 37 a factor of 1591?
True
Does 8 divide 6122?
False
Does 248 divide 23316?
False
Is 119 a multiple of 3?
False
Is 7 a factor of 18963?
True
Is 518 a multiple of 74?
True
Is 103 a factor of 11835?
False
Does 88 divide 4050?
False
Is 120 a factor of 3720?
True
Does 63 divide 2511?
False
Is 70550 a multiple of 10?
True
Is 56192 a multiple of 128?
True
Is 5358 a multiple of 123?
False
Is 17 a factor of 7931?
False
Does 54 divide 7032?
False
Is 35 a factor of 490?
True
Is 2688 a multiple of 28?
True
Is 192 a multiple of 12?
True
Is 33 a factor of 2508?
True
Is 15 a factor of 349?
False
Is 7990 a multiple of 42?
False
Is 5761 a multiple of 54?
False
Is 69 a factor of 7878?
False
Is 50 a factor of 1100?
True
Does 5 divide 14059?
False
Is 53 a factor of 613?
False
Does 7 divide 4382?
True
Does 138 divide 98560?
False
Is 5 a factor of 457?
False
Does 119 divide 57715?
True
Is 4 a factor of 4655?
False
Does 88 divide 12121?
False
Is 874 a multiple of 23?
True
Is 744 a multiple of 3?
True
Is 1953 a multiple of 31?
True
Is 3 a factor of 165?
True
Does 7 divide 140?
True
Does 25 divide 43575?
True
Is 42 a factor of 861?
False
Is 7461 a multiple of 22?
False
Is 397 a multiple of 7?
False
Is 714 a multiple of 17?
True
Is 32 a factor of 10144?
True
Is 1071 a multiple of 51?
True
Is 17 a factor of 667?
False
Is 6577 a multiple of 19?
False
Does 45 divide 6345?
True
Is 1338 a multiple of 6?
True
Is 11 a factor of 1639?
True
Is 131 a multiple of 2?
False
Is 35 a factor of 7022?
False
Is 76 a factor of 1643?
False
Is 28 a factor of 613?
False
Does 4 divide 14853?
False
Is 13 a factor of 5603?
True
Is 53 a factor of 2360?
False
Is 152 a multiple of 19?
True
Does 33 divide 858?
True
Is 2814 a multiple of 14?
True
Is 9696 a multiple of 4?
True
Does 3 divide 224?
False
Is 10 a factor of 936?
False
Does 30 divide 2741?
False
Does 23 divide 1058?
True
Does 15 divide 10337?
False
Is 3 a factor of 3?
True
Is 36 a factor of 44950?
False
Is 9734 a multiple of 157?
True
Is 7900 a multiple of 15?
False
Is 23 a factor of 7797?
True
Is 5661 a multiple of 51?
True
Is 27225 a multiple of 75?
True
Is 12 a factor of 348?
True
Does 22 divide 44638?
True
Is 130 a factor of 69030?
True
Is 12 a factor of 2016?
True
Does 114 divide 26086?
False
Is 1283 a multiple of 29?
False
Is 20 a factor of 5279?
False
Does 10 divide 5318?
False
Does 47 divide 49?
False
Is 32 a factor of 5554?
False
Is 66045 a multiple of 18?
False
Is 10 a factor of 709?
False
Is 69 a factor of 2259?
False
Does 308 divide 17556?
True
Does 2 divide 39?
False
Is 1990 a multiple of 10?
True
Is 53 a factor of 1098?
False
Is 245 a multiple of 49?
True
Does 44 divide 339?
False
Is 9030 a multiple of 258?
True
Is 50 a factor of 19750?
True
Is 5578 a multiple of 37?
False
Does 12 divide 1324?
False
Does 85 divide 14650?
False
Does 18 divide 36958?
False
Does 4 divide 25648?
True
Is 7 a factor of 5337?
False
Is 1218 a multiple of 77?
False
Does 8 divide 320?
True
Is 14 a factor of 36358?
True
Is 14 a factor of 20039?
False
Does 4 divide 1190?
False
Is 1585 a multiple of 5?
True
Is 16 a factor of 960?
True
Does 332 divide 4834?
False
Is 2912 a multiple of 56?
True
Does 9 divide 63?
True
Does 9 divide 5724?
True
Is 51 a factor of 1435?
False
Does 77 divide 17698?
False
Is 114 a multiple of 13?
False
Is 34 a factor of 645?
False
Does 17 divide 40766?
True
Is 21275 a multiple of 9?
False
Is 17 a factor of 863?
False
Is 14 a factor of 2057?
False
Does 138 divide 3460?
False
Is 611 a multiple of 8?
False
Does 9 divide 638?
False
Is 190 a factor of 18050?
True
Does 20 divide 1549?
False
Is 236 a factor of 20553?
False
Does 293 divide 125697?
True
Does 81 divide 4050?
True
Does 40 divide 200?
True
Is 2040 a multiple of 10?
True
Is 33174 a multiple of 14?
False
Is 3 a factor of 307?
False
Is 8 a factor of 53365?
False
Does 40 divide 3017?
False
Is 7 a factor of 4194?
False
Is 1371 a multiple of 10?
False
Is 187 a multiple of 3?
False
Is 191 a factor of 70203?
False
Is 30 a multiple of 9?
False
Does 14 divide 4046?
True
Is 19045 a multiple of 23?
False
Does 90 divide 110340?
True
Does 46 divide 48116?
True
Is 1071 a multiple of 43?
False
Does 141 divide 27686?
False
Does 32 divide 11104?
True
Does 28 divide 1400?
True
Is 2871 a multiple of 26?
False
Does 35 divide 36330?
